{"id":24916,"date":"2022-05-20T14:29:25","date_gmt":"2022-05-20T13:29:25","guid":{"rendered":"https:\/\/oreretaikastola.eus\/?post_type=ekitaldia&#038;p=24916"},"modified":"2022-05-23T11:43:09","modified_gmt":"2022-05-23T10:43:09","slug":"ikastola-eguna-2022","status":"publish","type":"ekitaldia","link":"https:\/\/oreretaikastola.eus\/es\/ekitaldiak\/ikastola-eguna-2022\/","title":{"rendered":"Ikastola eguna 2022"},"content":{"rendered":"\n<p>Est\u00e1 a punto llegar el acontecimiento del a\u00f1o que hemos esperado los \u00faltimos dos a\u00f1os: \u00a1la Ikastola Eguna! Celebraremos la fiesta el pr\u00f3ximo 4 de junio, s\u00e1bado, en A\u00f1abitarte. Alumnas y alumnos, madres y padres, abuelas y abuelos, t\u00edas y t\u00edos, ex alumnas y alumnos, ex madres y padres, socias y socios, trabajadoras y trabajadores; absolutamente todos est\u00e1is invitados. Apuntad la cita en la agenda.<\/p>\n\n\n\n<p class=\"has-text-align-center\"><a href=\"\/app\/uploads\/2022\/05\/Ikastola-eguna_gazt-2022_gazt.pdf\"><strong>Programaci\u00f3n<\/strong><\/a><\/p>\n\n\n\n<div class=\"wp-block-image\"><figure data-tanit-img-width=\"1811\" data-tanit-img-height=\"2560\" class=\"aligncenter size-large\"><img decoding=\"async\" loading=\"lazy\" width=\"724\" height=\"1024\" src=\"\/app\/uploads\/2022\/05\/Ikastola-eguna-2022_gazt-724x1024.jpg\" alt=\"\" class=\"wp-image-24949\" srcset=\"\/app\/uploads\/2022\/05\/Ikastola-eguna-2022_gazt-724x1024.jpg 724w, \/app\/uploads\/2022\/05\/Ikastola-eguna-2022_gazt-212x300.jpg 212w, \/app\/uploads\/2022\/05\/Ikastola-eguna-2022_gazt-768x1086.jpg 768w, \/app\/uploads\/2022\/05\/Ikastola-eguna-2022_gazt-1087x1536.jpg 1087w, \/app\/uploads\/2022\/05\/Ikastola-eguna-2022_gazt-1449x2048.jpg 1449w, \/app\/uploads\/2022\/05\/Ikastola-eguna-2022_gazt-1320x1866.jpg 1320w, \/app\/uploads\/2022\/05\/Ikastola-eguna-2022_gazt-scaled.jpg 1811w\" sizes=\"(max-width: 724px) 100vw, 724px\" \/><\/figure><\/div>\n","protected":false},"featured_media":0,"parent":0,"template":"","ekitaldi_etiketa":[],"ekitaldi_kategoria":[],"acf":[],"_links":{"self":[{"href":"https:\/\/oreretaikastola.eus\/es\/wp-json\/wp\/v2\/ekitaldia\/24916"}],"collection":[{"href":"https:\/\/oreretaikastola.eus\/es\/wp-json\/wp\/v2\/ekitaldia"}],"about":[{"href":"https:\/\/oreretaikastola.eus\/es\/wp-json\/wp\/v2\/types\/ekitaldia"}],"wp:attachment":[{"href":"https:\/\/oreretaikastola.eus\/es\/wp-json\/wp\/v2\/media?parent=24916"}],"wp:term":[{"taxonomy":"ekitaldi_etiketa","embeddable":true,"href":"https:\/\/oreretaikastola.eus\/es\/wp-json\/wp\/v2\/ekitaldi_etiketa?post=24916"},{"taxonomy":"ekitaldi_kategoria","embeddable":true,"href":"https:\/\/oreretaikastola.eus\/es\/wp-json\/wp\/v2\/ekitaldi_kategoria?post=24916"}],"curies":[{"name":"wp","href":"https:\/\/api.w.org\/{rel}","templated":true}]}}

<p>Está a punto llegar el acontecimiento del año que hemos esperado los últimos dos años: ¡la Ikastola Eguna! Celebraremos la fiesta el próximo 4 de junio, sábado, en Añabitarte. Alumnas y alumnos, madres y padres, abuelas y abuelos, tías y tíos, ex alumnas y alumnos, ex madres y padres, socias y socios, trabajadoras y trabajadores; absolutamente todos estáis invitados. Apuntad la cita en la agenda.</p>



<p class="has-text-align-center"><a href="/app/uploads/2022/05/Ikastola-eguna_gazt-2022_gazt.pdf"><strong>Programación</strong></a></p>



<div class="wp-block-image"><figure data-tanit-img-width="1811" data-tanit-img-height="2560" class="aligncenter size-large"><img decoding="async" loading="lazy" width="724" height="1024" src="/app/uploads/2022/05/Ikastola-eguna-2022_gazt-724x1024.jpg" alt="" class="wp-image-24949" srcset="/app/uploads/2022/05/Ikastola-eguna-2022_gazt-724x1024.jpg 724w, /app/uploads/2022/05/Ikastola-eguna-2022_gazt-212x300.jpg 212w, /app/uploads/2022/05/Ikastola-eguna-2022_gazt-768x1086.jpg 768w, /app/uploads/2022/05/Ikastola-eguna-2022_gazt-1087x1536.jpg 1087w, /app/uploads/2022/05/Ikastola-eguna-2022_gazt-1449x2048.jpg 1449w, /app/uploads/2022/05/Ikastola-eguna-2022_gazt-1320x1866.jpg 1320w, /app/uploads/2022/05/Ikastola-eguna-2022_gazt-scaled.jpg 1811w" sizes="(max-width: 724px) 100vw, 724px" /></figure></div>
