{"id":23909,"date":"2022-04-27T10:18:42","date_gmt":"2022-04-27T09:18:42","guid":{"rendered":"https:\/\/oreretaikastola.eus\/?post_type=ekitaldia&#038;p=23909"},"modified":"2022-04-27T10:18:43","modified_gmt":"2022-04-27T09:18:43","slug":"marcha-regulada-en-lezo-de-la-mano-de-urdaburu","status":"publish","type":"ekitaldia","link":"https:\/\/oreretaikastola.eus\/es\/ekitaldiak\/marcha-regulada-en-lezo-de-la-mano-de-urdaburu\/","title":{"rendered":"Marcha regulada en Lezo de la mano de Urdaburu"},"content":{"rendered":"\n<p>El pr\u00f3ximo 8 de mayo tendr\u00e1 lugar en Lezo una nueva marcha regulada.<\/p>\n\n\n\n<p>Recordad que es una oportunidad \u00fanica para que nuestro alumnado y vuestros y vuestras hijas, <strong>desde LH3 a DBH4<\/strong>, disfruten de la monta\u00f1a entre amigos y amigas y en familia.<\/p>\n\n\n\n<p><strong>En esta ocasi\u00f3n los padres y las madres no podr\u00e1n participar.<\/strong><\/p>\n\n\n\n<p>Informaci\u00f3n sobre la excursi\u00f3n:<\/p>\n\n\n\n<p>\u25cf Horario de salida: 08:00 de la ma\u00f1ana en la parada de autob\u00fas de Iztieta.<\/p>\n\n\n\n<p>\u25cf Horario de llegada: Sobre las 13:30 del mediod\u00eda en el mismo lugar.<\/p>\n\n\n\n<p>\u25cf Precio de la salida: Alumnos\/as ir\u00e1n andando a Lezo. Por eso, no tendr\u00e1n que pagar. Los adultos no pueden acudir.<\/p>\n\n\n\n<ul><li>Esta excursi\u00f3n vale dos puntos para conseguir la medalla.<\/li><li>Hay que llevar lo siguiente: botas y una mochila con agua y bocadillo. No necesitan ropa de cambio.<\/li><\/ul>\n\n\n\n<p><strong>Para inscribirse, deben entrar en el siguiente enlace y rellenar los datos del formulario. <\/strong><\/p>\n\n\n\n\n\n<p>&nbsp;<strong>El \u00faltimo d\u00eda para apuntarse ser\u00e1 el 4 de mayo, 9:00 de la ma\u00f1ana.&nbsp;<\/strong><\/p>\n","protected":false},"featured_media":0,"parent":0,"template":"","ekitaldi_etiketa":[],"ekitaldi_kategoria":[186],"acf":[],"_links":{"self":[{"href":"https:\/\/oreretaikastola.eus\/es\/wp-json\/wp\/v2\/ekitaldia\/23909"}],"collection":[{"href":"https:\/\/oreretaikastola.eus\/es\/wp-json\/wp\/v2\/ekitaldia"}],"about":[{"href":"https:\/\/oreretaikastola.eus\/es\/wp-json\/wp\/v2\/types\/ekitaldia"}],"wp:attachment":[{"href":"https:\/\/oreretaikastola.eus\/es\/wp-json\/wp\/v2\/media?parent=23909"}],"wp:term":[{"taxonomy":"ekitaldi_etiketa","embeddable":true,"href":"https:\/\/oreretaikastola.eus\/es\/wp-json\/wp\/v2\/ekitaldi_etiketa?post=23909"},{"taxonomy":"ekitaldi_kategoria","embeddable":true,"href":"https:\/\/oreretaikastola.eus\/es\/wp-json\/wp\/v2\/ekitaldi_kategoria?post=23909"}],"curies":[{"name":"wp","href":"https:\/\/api.w.org\/{rel}","templated":true}]}}

<p>El próximo 8 de mayo tendrá lugar en Lezo una nueva marcha regulada.</p>



<p>Recordad que es una oportunidad única para que nuestro alumnado y vuestros y vuestras hijas, <strong>desde LH3 a DBH4</strong>, disfruten de la montaña entre amigos y amigas y en familia.</p>



<p><strong>En esta ocasión los padres y las madres no podrán participar.</strong></p>



<p>Información sobre la excursión:</p>



<p>● Horario de salida: 08:00 de la mañana en la parada de autobús de Iztieta.</p>



<p>● Horario de llegada: Sobre las 13:30 del mediodía en el mismo lugar.</p>



<p>● Precio de la salida: Alumnos/as irán andando a Lezo. Por eso, no tendrán que pagar. Los adultos no pueden acudir.</p>



<ul><li>Esta excursión vale dos puntos para conseguir la medalla.</li><li>Hay que llevar lo siguiente: botas y una mochila con agua y bocadillo. No necesitan ropa de cambio.</li></ul>



<p><strong>Para inscribirse, deben entrar en el siguiente enlace y rellenar los datos del formulario. </strong></p>





<p>&nbsp;<strong>El último día para apuntarse será el 4 de mayo, 9:00 de la mañana.&nbsp;</strong></p>
