{"id":23907,"date":"2022-04-27T10:13:29","date_gmt":"2022-04-27T09:13:29","guid":{"rendered":"https:\/\/oreretaikastola.eus\/?post_type=ekitaldia&#038;p=23907"},"modified":"2022-04-27T10:13:30","modified_gmt":"2022-04-27T09:13:30","slug":"puesto-de-kilometroak-en-el-dia-dantzari-txiki","status":"publish","type":"ekitaldia","link":"https:\/\/oreretaikastola.eus\/es\/ekitaldiak\/puesto-de-kilometroak-en-el-dia-dantzari-txiki\/","title":{"rendered":"Puesto de Kilometroak en el d\u00eda Dantzari txiki"},"content":{"rendered":"\n<p>Como sab\u00e9is, hace dos o tres a\u00f1os se aprob\u00f3 un reparto de tareas para cuando se necesitara la ayuda de los padres y las madres en los actos que realiza la ikastola, y a las familias de DBH 4 de os toc\u00f3 vender ropa de Kilometroak en este curso.<\/p>\n\n\n\n<p>Este domingo, d\u00eda del Dantzari txiki, Orereta Ikastola pondr\u00e1 un puesto y para estar vendiendo hace falta ayuda. \u00a1An\u00edmate y ap\u00fantate! \u00a1Cuantos m\u00e1s padres y madres se apunten, m\u00e1s cortos ser\u00e1n los turnos a realizar!<\/p>\n\n\n\n<p>Aprovechamos la ocasi\u00f3n para informaros que el d\u00eda de la Ikastola (4 de junio) y el d\u00eda de la Romer\u00eda tambi\u00e9n ser\u00e1 necesario la ayuda de las familias para poner el puesto. Si ten\u00e9is inter\u00e9s en apuntaros para vender ropa de Kilometroak este domingo o en otras dos ocasiones, inscr\u00edbete en el siguiente enlace:<\/p>\n\n\n","protected":false},"featured_media":0,"parent":0,"template":"","ekitaldi_etiketa":[],"ekitaldi_kategoria":[184],"acf":[],"_links":{"self":[{"href":"https:\/\/oreretaikastola.eus\/es\/wp-json\/wp\/v2\/ekitaldia\/23907"}],"collection":[{"href":"https:\/\/oreretaikastola.eus\/es\/wp-json\/wp\/v2\/ekitaldia"}],"about":[{"href":"https:\/\/oreretaikastola.eus\/es\/wp-json\/wp\/v2\/types\/ekitaldia"}],"wp:attachment":[{"href":"https:\/\/oreretaikastola.eus\/es\/wp-json\/wp\/v2\/media?parent=23907"}],"wp:term":[{"taxonomy":"ekitaldi_etiketa","embeddable":true,"href":"https:\/\/oreretaikastola.eus\/es\/wp-json\/wp\/v2\/ekitaldi_etiketa?post=23907"},{"taxonomy":"ekitaldi_kategoria","embeddable":true,"href":"https:\/\/oreretaikastola.eus\/es\/wp-json\/wp\/v2\/ekitaldi_kategoria?post=23907"}],"curies":[{"name":"wp","href":"https:\/\/api.w.org\/{rel}","templated":true}]}}

Puesto de Kilometroak en el día Dantzari txiki

<p>Como sabéis, hace dos o tres años se aprobó un reparto de tareas para cuando se necesitara la ayuda de los padres y las madres en los actos que realiza la ikastola, y a las familias de DBH 4 de os tocó vender ropa de Kilometroak en este curso.</p>



<p>Este domingo, día del Dantzari txiki, Orereta Ikastola pondrá un puesto y para estar vendiendo hace falta ayuda. ¡Anímate y apúntate! ¡Cuantos más padres y madres se apunten, más cortos serán los turnos a realizar!</p>



<p>Aprovechamos la ocasión para informaros que el día de la Ikastola (4 de junio) y el día de la Romería también será necesario la ayuda de las familias para poner el puesto. Si tenéis interés en apuntaros para vender ropa de Kilometroak este domingo o en otras dos ocasiones, inscríbete en el siguiente enlace:</p>
