{"id":23903,"date":"2022-04-27T08:20:58","date_gmt":"2022-04-27T07:20:58","guid":{"rendered":"https:\/\/oreretaikastola.eus\/?post_type=ekitaldia&#038;p=23903"},"modified":"2022-04-27T08:20:59","modified_gmt":"2022-04-27T07:20:59","slug":"iniciativa-para-impulsar-la-participacion-de-las-familias","status":"publish","type":"ekitaldia","link":"https:\/\/oreretaikastola.eus\/es\/ekitaldiak\/iniciativa-para-impulsar-la-participacion-de-las-familias\/","title":{"rendered":"Iniciativa para impulsar la participaci\u00f3n de las familias"},"content":{"rendered":"\n<p>El 6 de abril, con el objetivo de fomentar la participaci\u00f3n de las familias, realizamos una recogida de opiniones en una sesi\u00f3n dinamizada por la Diputaci\u00f3n Foral de Gipuzkoa. Como continuaci\u00f3n, para dar el segundo paso, nos reuniremos de nuevo el 12 de mayo a las 17:30 en el patio de Lino. Para asistir a esta nueva sesi\u00f3n, es necesario inscribirse en el siguiente formulario:<\/p>\n\n\n\n\n\n<p>Las familias que no pudisteis venir a la primera sesi\u00f3n, est\u00e1is nuevamente invitadas a esta segunda.<\/p>\n","protected":false},"featured_media":0,"parent":0,"template":"","ekitaldi_etiketa":[],"ekitaldi_kategoria":[153],"acf":[],"_links":{"self":[{"href":"https:\/\/oreretaikastola.eus\/es\/wp-json\/wp\/v2\/ekitaldia\/23903"}],"collection":[{"href":"https:\/\/oreretaikastola.eus\/es\/wp-json\/wp\/v2\/ekitaldia"}],"about":[{"href":"https:\/\/oreretaikastola.eus\/es\/wp-json\/wp\/v2\/types\/ekitaldia"}],"wp:attachment":[{"href":"https:\/\/oreretaikastola.eus\/es\/wp-json\/wp\/v2\/media?parent=23903"}],"wp:term":[{"taxonomy":"ekitaldi_etiketa","embeddable":true,"href":"https:\/\/oreretaikastola.eus\/es\/wp-json\/wp\/v2\/ekitaldi_etiketa?post=23903"},{"taxonomy":"ekitaldi_kategoria","embeddable":true,"href":"https:\/\/oreretaikastola.eus\/es\/wp-json\/wp\/v2\/ekitaldi_kategoria?post=23903"}],"curies":[{"name":"wp","href":"https:\/\/api.w.org\/{rel}","templated":true}]}}

Iniciativa para impulsar la participación de las familias

<p>El 6 de abril, con el objetivo de fomentar la participación de las familias, realizamos una recogida de opiniones en una sesión dinamizada por la Diputación Foral de Gipuzkoa. Como continuación, para dar el segundo paso, nos reuniremos de nuevo el 12 de mayo a las 17:30 en el patio de Lino. Para asistir a esta nueva sesión, es necesario inscribirse en el siguiente formulario:</p>





<p>Las familias que no pudisteis venir a la primera sesión, estáis nuevamente invitadas a esta segunda.</p>
