{"id":22946,"date":"2022-03-16T12:04:01","date_gmt":"2022-03-16T11:04:01","guid":{"rendered":"https:\/\/oreretaikastola.eus\/?post_type=ekitaldia&#038;p=22946"},"modified":"2022-03-16T12:07:57","modified_gmt":"2022-03-16T11:07:57","slug":"charla-sobre-el-uso-responsable-de-las-nuevas-tecnologias-conferencia-para-las-familias","status":"publish","type":"ekitaldia","link":"https:\/\/oreretaikastola.eus\/es\/ekitaldiak\/charla-sobre-el-uso-responsable-de-las-nuevas-tecnologias-conferencia-para-las-familias\/","title":{"rendered":"Charla sobre el uso responsable de las nuevas tecnolog\u00edas: conferencia para las familias"},"content":{"rendered":"\n<p>Inmersos en el uso de las nuevas tecnolog\u00edas, vamos a poner en marcha un programa de formaci\u00f3n y prevenci\u00f3n de riesgos derivados del uso de las nuevas tecnolog\u00edas con el alumnado de 5\u00ba de Primaria y 1\u00ba de DBH la pr\u00f3xima semana. <strong>Unido a ello, hemos organizado una conferencia para las familias de la Ikastola.<\/strong><\/p>\n\n\n\n<p><strong>Se celebrar\u00e1 el 22 de marzo, a las 18:00 horas, en el patio del edificio de Lino<\/strong>. Os pedimos <strong>inscribiros previamente<\/strong>. Lo pod\u00e9is hacer aqu\u00ed mismo:<\/p>\n\n\n","protected":false},"featured_media":0,"parent":0,"template":"","ekitaldi_etiketa":[],"ekitaldi_kategoria":[184,154],"acf":[],"_links":{"self":[{"href":"https:\/\/oreretaikastola.eus\/es\/wp-json\/wp\/v2\/ekitaldia\/22946"}],"collection":[{"href":"https:\/\/oreretaikastola.eus\/es\/wp-json\/wp\/v2\/ekitaldia"}],"about":[{"href":"https:\/\/oreretaikastola.eus\/es\/wp-json\/wp\/v2\/types\/ekitaldia"}],"wp:attachment":[{"href":"https:\/\/oreretaikastola.eus\/es\/wp-json\/wp\/v2\/media?parent=22946"}],"wp:term":[{"taxonomy":"ekitaldi_etiketa","embeddable":true,"href":"https:\/\/oreretaikastola.eus\/es\/wp-json\/wp\/v2\/ekitaldi_etiketa?post=22946"},{"taxonomy":"ekitaldi_kategoria","embeddable":true,"href":"https:\/\/oreretaikastola.eus\/es\/wp-json\/wp\/v2\/ekitaldi_kategoria?post=22946"}],"curies":[{"name":"wp","href":"https:\/\/api.w.org\/{rel}","templated":true}]}}

Charla sobre el uso responsable de las nuevas tecnologías: conferencia para las familias

<p>Inmersos en el uso de las nuevas tecnologías, vamos a poner en marcha un programa de formación y prevención de riesgos derivados del uso de las nuevas tecnologías con el alumnado de 5º de Primaria y 1º de DBH la próxima semana. <strong>Unido a ello, hemos organizado una conferencia para las familias de la Ikastola.</strong></p>



<p><strong>Se celebrará el 22 de marzo, a las 18:00 horas, en el patio del edificio de Lino</strong>. Os pedimos <strong>inscribiros previamente</strong>. Lo podéis hacer aquí mismo:</p>
