{"id":21986,"date":"2022-02-04T13:14:33","date_gmt":"2022-02-04T12:14:33","guid":{"rendered":"https:\/\/oreretaikastola.eus\/?post_type=ekitaldia&#038;p=21986"},"modified":"2022-02-04T13:14:34","modified_gmt":"2022-02-04T12:14:34","slug":"conferencia-para-desarrollar-los-objetivos-y-ejes-de-batuz-aldatu","status":"publish","type":"ekitaldia","link":"https:\/\/oreretaikastola.eus\/es\/ekitaldiak\/conferencia-para-desarrollar-los-objetivos-y-ejes-de-batuz-aldatu\/","title":{"rendered":"Conferencia para desarrollar los objetivos y ejes de \u00abBatuz aldatu\u00bb"},"content":{"rendered":"\n<p>En junio de 2021, 100 agentes de toda Euskal Herria presentaron el documento \u201cBatuz Aldatu\u201d: <a href=\"https:\/\/kontseilua.eus\/proyectos\/construir-consensos-sociales-y-politicos\/\">El consenso social para influir en las pol\u00edticas ling\u00fc\u00edsticas<\/a>.<\/p>\n\n\n\n<p>En ella se establec\u00eda un objetivo claro: crear y garantizar condiciones para un uso c\u00f3modo del euskera.<\/p>\n\n\n\n<p>Tras dar esos pasos, ahora se quieren desarrollar los objetivos y ejes recogidos del documento \u201cBatuz Aldaketa\u201d, enriqueci\u00e9ndose con las aportaciones de los agentes. El primer paso ser\u00e1 la difusi\u00f3n de Batuz Aldatu.<\/p>\n\n\n\n<p>A lo largo de las pr\u00f3ximas semanas, se organizar\u00e1n unas charlas que ser\u00e1n para hablar del contenido de Batuz Aldatu, para recoger las aportaciones de los agentes y los proyectos de cara al futuro. El secretario general del Consejo, Paul BIlbao, ser\u00e1 el encargado de presentar la propuesta <em>Euskaraz Hezi, Berdintasuna Hezi<\/em>, que se present\u00f3 en diciembre junto con los principales agentes de educaci\u00f3n.<\/p>\n\n\n\n<p>En la primera conferencia, que se celebrar\u00e1 en Donostia intentar\u00e1n responder a la pregunta \u00bfQu\u00e9 aportaciones pueden hacer los agentes para incidir en las pol\u00edticas ling\u00fc\u00edsticas?<\/p>\n\n\n\n<p>Cita: 10 de febrero, jueves, a las 19:00, en Doka Kafe Antzokia. Pod\u00e9is inscribiros en este <a href=\"https:\/\/forms.gle\/5ecNt2yZgKet3SWx9\">enlace<\/a> o escribiendo a <a href=\"mailto:haizpea@kontseilua.eus\">haizpea@kontseilua.eus<\/a><\/p>\n","protected":false},"featured_media":0,"parent":0,"template":"","ekitaldi_etiketa":[],"ekitaldi_kategoria":[153],"acf":[],"_links":{"self":[{"href":"https:\/\/oreretaikastola.eus\/es\/wp-json\/wp\/v2\/ekitaldia\/21986"}],"collection":[{"href":"https:\/\/oreretaikastola.eus\/es\/wp-json\/wp\/v2\/ekitaldia"}],"about":[{"href":"https:\/\/oreretaikastola.eus\/es\/wp-json\/wp\/v2\/types\/ekitaldia"}],"wp:attachment":[{"href":"https:\/\/oreretaikastola.eus\/es\/wp-json\/wp\/v2\/media?parent=21986"}],"wp:term":[{"taxonomy":"ekitaldi_etiketa","embeddable":true,"href":"https:\/\/oreretaikastola.eus\/es\/wp-json\/wp\/v2\/ekitaldi_etiketa?post=21986"},{"taxonomy":"ekitaldi_kategoria","embeddable":true,"href":"https:\/\/oreretaikastola.eus\/es\/wp-json\/wp\/v2\/ekitaldi_kategoria?post=21986"}],"curies":[{"name":"wp","href":"https:\/\/api.w.org\/{rel}","templated":true}]}}

<p>En junio de 2021, 100 agentes de toda Euskal Herria presentaron el documento “Batuz Aldatu”: <a href="https://kontseilua.eus/proyectos/construir-consensos-sociales-y-politicos/">El consenso social para influir en las políticas lingüísticas</a>.</p>



<p>En ella se establecía un objetivo claro: crear y garantizar condiciones para un uso cómodo del euskera.</p>



<p>Tras dar esos pasos, ahora se quieren desarrollar los objetivos y ejes recogidos del documento “Batuz Aldaketa”, enriqueciéndose con las aportaciones de los agentes. El primer paso será la difusión de Batuz Aldatu.</p>



<p>A lo largo de las próximas semanas, se organizarán unas charlas que serán para hablar del contenido de Batuz Aldatu, para recoger las aportaciones de los agentes y los proyectos de cara al futuro. El secretario general del Consejo, Paul BIlbao, será el encargado de presentar la propuesta <em>Euskaraz Hezi, Berdintasuna Hezi</em>, que se presentó en diciembre junto con los principales agentes de educación.</p>



<p>En la primera conferencia, que se celebrará en Donostia intentarán responder a la pregunta ¿Qué aportaciones pueden hacer los agentes para incidir en las políticas lingüísticas?</p>



<p>Cita: 10 de febrero, jueves, a las 19:00, en Doka Kafe Antzokia. Podéis inscribiros en este <a href="https://forms.gle/5ecNt2yZgKet3SWx9">enlace</a> o escribiendo a <a href="mailto:haizpea@kontseilua.eus">haizpea@kontseilua.eus</a></p>
