{"id":20348,"date":"2021-11-17T10:01:30","date_gmt":"2021-11-17T09:01:30","guid":{"rendered":"https:\/\/oreretaikastola.eus\/?post_type=ekitaldia&#038;p=20348"},"modified":"2021-11-17T10:01:31","modified_gmt":"2021-11-17T09:01:31","slug":"reflexion-del-plan-estrategico","status":"publish","type":"ekitaldia","link":"https:\/\/oreretaikastola.eus\/es\/ekitaldiak\/reflexion-del-plan-estrategico\/","title":{"rendered":"Reflexi\u00f3n del Plan estrat\u00e9gico"},"content":{"rendered":"\n<p>Un grupo de trabajo de Artezkaritza est\u00e1 trabajando en el Plan Estrat\u00e9gico de los pr\u00f3ximos cuatro a\u00f1os. Tras haber realizado el an\u00e1lisis interna y externa de la Ikastola utilizando la herramienta DAFO, os convocamos a todas las familias para participar en la reflexi\u00f3n. Para realizar ese ejercicio nos reuniremos el 22 de noviembre, de 17:30 a 19:30, en el edificio Lino de la Ikastola.<\/p>\n\n\n\n<p>Para hacer esa reflexi\u00f3n formaremos un grupo de 20 personas. Para poder participar y apuntarse, hemos creado el siguiente formulario:<\/p>\n\n\n\n\n\n<figure class=\"wp-block-embed-youtube wp-block-embed is-type-video is-provider-youtube wp-embed-aspect-16-9 wp-has-aspect-ratio\"><div class=\"wp-block-embed__wrapper\">\n<div class=\"youtube-embed responsive-embed widescreen\"><iframe loading=\"lazy\" title=\"Plan Estrategikoa 2022 2026 - Itziar Navarroren lehendakariaren azalpena\" width=\"500\" height=\"281\" src=\"https:\/\/www.youtube.com\/embed\/M72oxQj2etA?feature=oembed\" frameborder=\"0\" allow=\"accelerometer; autoplay; clipboard-write; encrypted-media; gyroscope; picture-in-picture\" allowfullscreen><\/iframe><\/div>\n<\/div><\/figure>\n","protected":false},"featured_media":20347,"parent":0,"template":"","ekitaldi_etiketa":[],"ekitaldi_kategoria":[153],"acf":[],"_links":{"self":[{"href":"https:\/\/oreretaikastola.eus\/es\/wp-json\/wp\/v2\/ekitaldia\/20348"}],"collection":[{"href":"https:\/\/oreretaikastola.eus\/es\/wp-json\/wp\/v2\/ekitaldia"}],"about":[{"href":"https:\/\/oreretaikastola.eus\/es\/wp-json\/wp\/v2\/types\/ekitaldia"}],"wp:featuredmedia":[{"embeddable":true,"href":"https:\/\/oreretaikastola.eus\/es\/wp-json\/wp\/v2\/media\/20347"}],"wp:attachment":[{"href":"https:\/\/oreretaikastola.eus\/es\/wp-json\/wp\/v2\/media?parent=20348"}],"wp:term":[{"taxonomy":"ekitaldi_etiketa","embeddable":true,"href":"https:\/\/oreretaikastola.eus\/es\/wp-json\/wp\/v2\/ekitaldi_etiketa?post=20348"},{"taxonomy":"ekitaldi_kategoria","embeddable":true,"href":"https:\/\/oreretaikastola.eus\/es\/wp-json\/wp\/v2\/ekitaldi_kategoria?post=20348"}],"curies":[{"name":"wp","href":"https:\/\/api.w.org\/{rel}","templated":true}]}}

Reflexión del Plan estratégico

<p>Un grupo de trabajo de Artezkaritza está trabajando en el Plan Estratégico de los próximos cuatro años. Tras haber realizado el análisis interna y externa de la Ikastola utilizando la herramienta DAFO, os convocamos a todas las familias para participar en la reflexión. Para realizar ese ejercicio nos reuniremos el 22 de noviembre, de 17:30 a 19:30, en el edificio Lino de la Ikastola.</p>



<p>Para hacer esa reflexión formaremos un grupo de 20 personas. Para poder participar y apuntarse, hemos creado el siguiente formulario:</p>





<figure class="wp-block-embed-youtube wp-block-embed is-type-video is-provider-youtube wp-embed-aspect-16-9 wp-has-aspect-ratio"><div class="wp-block-embed__wrapper">
<div class="youtube-embed responsive-embed widescreen"><iframe loading="lazy" title="Plan Estrategikoa 2022 2026 - Itziar Navarroren lehendakariaren azalpena" width="500" height="281" src="https://www.youtube.com/embed/M72oxQj2etA?feature=oembed" frameborder="0" allow="accelerometer; autoplay; clipboard-write; encrypted-media; gyroscope; picture-in-picture" allowfullscreen></iframe></div>
</div></figure>
