{"id":19948,"date":"2021-11-04T14:06:11","date_gmt":"2021-11-04T13:06:11","guid":{"rendered":"https:\/\/oreretaikastola.eus\/?post_type=ekitaldia&#038;p=19948"},"modified":"2022-02-16T08:03:16","modified_gmt":"2022-02-16T07:03:16","slug":"urdaburu-gira-a-meazuri","status":"publish","type":"ekitaldia","link":"https:\/\/oreretaikastola.eus\/es\/ekitaldiak\/urdaburu-gira-a-meazuri\/","title":{"rendered":"Urdaburu: gira a Meazuri"},"content":{"rendered":"\n<p><strong>El 20 de febrero, domingo, tendr\u00e1 lugar la salida monta\u00f1era de Urdaburu. En esta ocasi\u00f3n, har\u00e1n un recorrido por Meazuri<\/strong>. Recordad que es una oportunidad \u00fanica para que nuestro alumnado y vuestros y vuestras hijas, <strong>desde LH3 a DBH4<\/strong>, disfruten de la monta\u00f1a entre amigos y amigas y en familia.<\/p>\n\n\n\n<p><strong>Adem\u00e1s, en esta ocasi\u00f3n los padres y las madres tambi\u00e9n podr\u00e1n participar.<\/strong><\/p>\n\n\n\n<p>Informaci\u00f3n sobre la excursi\u00f3n:<\/p>\n\n\n\n<p>\u25cf Horario de salida: 08:00 de la ma\u00f1ana en la parada de autob\u00fas de Iztieta.<\/p>\n\n\n\n<p>\u25cf Horario de llegada: Sobre las 14:30 del mediod\u00eda en el mismo lugar.<\/p>\n\n\n\n<p>\u25cf Precio de la salida: Alumnos\/as: 5 \u20ac (en caso de que participen hermanos\/as la cuota de ambos ser\u00e1 de 8 \u20ac), los padres y las madres 13 \u20ac. Se os cobrar\u00e1 a trav\u00e9s de recibo.<\/p>\n\n\n\n<p>\u25cf Esta excursi\u00f3n vale un punto para conseguir la medalla.<\/p>\n\n\n\n<p>\u25cf Hay que llevar lo siguiente: botas y una mochila con agua y bocadillo (no se aceptar\u00e1 a nadie sin ropa y calzado de cambio).<\/p>\n\n\n\n<p>\u25cf Durante la excursi\u00f3n transcurrir\u00e1n por varios t\u00faneles. Por ello, se recomienda llevar una linterna<\/p>\n\n\n\n<p><strong>Para inscribirse, deben entrar en el siguiente formulario: <\/strong>(<strong>El \u00faltimo d\u00eda para apuntarse ser\u00e1 el 18 de febrero, 10:00 de la ma\u00f1ana). \u00a0<\/strong><\/p>\n\n\n\n<p><\/p>\n\n\n","protected":false},"featured_media":19637,"parent":0,"template":"","ekitaldi_etiketa":[],"ekitaldi_kategoria":[153],"acf":[],"_links":{"self":[{"href":"https:\/\/oreretaikastola.eus\/es\/wp-json\/wp\/v2\/ekitaldia\/19948"}],"collection":[{"href":"https:\/\/oreretaikastola.eus\/es\/wp-json\/wp\/v2\/ekitaldia"}],"about":[{"href":"https:\/\/oreretaikastola.eus\/es\/wp-json\/wp\/v2\/types\/ekitaldia"}],"wp:featuredmedia":[{"embeddable":true,"href":"https:\/\/oreretaikastola.eus\/es\/wp-json\/wp\/v2\/media\/19637"}],"wp:attachment":[{"href":"https:\/\/oreretaikastola.eus\/es\/wp-json\/wp\/v2\/media?parent=19948"}],"wp:term":[{"taxonomy":"ekitaldi_etiketa","embeddable":true,"href":"https:\/\/oreretaikastola.eus\/es\/wp-json\/wp\/v2\/ekitaldi_etiketa?post=19948"},{"taxonomy":"ekitaldi_kategoria","embeddable":true,"href":"https:\/\/oreretaikastola.eus\/es\/wp-json\/wp\/v2\/ekitaldi_kategoria?post=19948"}],"curies":[{"name":"wp","href":"https:\/\/api.w.org\/{rel}","templated":true}]}}

<p><strong>El 20 de febrero, domingo, tendrá lugar la salida montañera de Urdaburu. En esta ocasión, harán un recorrido por Meazuri</strong>. Recordad que es una oportunidad única para que nuestro alumnado y vuestros y vuestras hijas, <strong>desde LH3 a DBH4</strong>, disfruten de la montaña entre amigos y amigas y en familia.</p>



<p><strong>Además, en esta ocasión los padres y las madres también podrán participar.</strong></p>



<p>Información sobre la excursión:</p>



<p>● Horario de salida: 08:00 de la mañana en la parada de autobús de Iztieta.</p>



<p>● Horario de llegada: Sobre las 14:30 del mediodía en el mismo lugar.</p>



<p>● Precio de la salida: Alumnos/as: 5 € (en caso de que participen hermanos/as la cuota de ambos será de 8 €), los padres y las madres 13 €. Se os cobrará a través de recibo.</p>



<p>● Esta excursión vale un punto para conseguir la medalla.</p>



<p>● Hay que llevar lo siguiente: botas y una mochila con agua y bocadillo (no se aceptará a nadie sin ropa y calzado de cambio).</p>



<p>● Durante la excursión transcurrirán por varios túneles. Por ello, se recomienda llevar una linterna</p>



<p><strong>Para inscribirse, deben entrar en el siguiente formulario: </strong>(<strong>El último día para apuntarse será el 18 de febrero, 10:00 de la mañana).  </strong></p>



<p></p>
