{"id":19656,"date":"2021-10-27T09:56:12","date_gmt":"2021-10-27T08:56:12","guid":{"rendered":"https:\/\/oreretaikastola.eus\/?post_type=ekitaldia&#038;p=19656"},"modified":"2021-10-27T09:56:12","modified_gmt":"2021-10-27T08:56:12","slug":"iniciativa-ikastolatik-ikastolara-de-la-mano-de-errigora","status":"publish","type":"ekitaldia","link":"https:\/\/oreretaikastola.eus\/es\/ekitaldiak\/iniciativa-ikastolatik-ikastolara-de-la-mano-de-errigora\/","title":{"rendered":"Iniciativa Ikastolatik Ikastolara de la mano de Errigora"},"content":{"rendered":"\n<p>Con el objetivo de profundizar el proyecto Errigora en la Federaci\u00f3n de Ikastolas, este a\u00f1o se ha organizado la iniciativa \u201cIkastolatik ikastolara\u201d, dirigida a la comunidad de Ikastolas de Oarsoaldea, especialmente a los trabajadores y familias de la Ikastola Orereta. En ella, se hablar\u00e1 de Ikastola Ikastola. Aunque se ha organizado a nivel de Ikastola, tambi\u00e9n acudir\u00e1n varios agentes de la localidad.<\/p>\n\n\n\n<p>La convocatoria ser\u00e1 el <strong>2 de noviembre, de 17:00 a 19:00 en Orereta (<\/strong>todav\u00edaest\u00e1 por concretar la sala). En cuanto se sepa se os comunicar\u00e1. El objetivo principal de la iniciativa ser\u00e1 dar a conocer la influencia de Errigora en las ikastolas de la Ribera; los miembros de las ikastolas de la Ribera vendr\u00e1n a contarlo en primera persona. Adem\u00e1s, se proyectar\u00e1 el documental de Agerraldia.<\/p>\n\n\n\n<p>En esta iniciativa participar\u00e1n todos y todas las trabajadoras de la Ikastola Orereta, y queremos invitar tambi\u00e9n a las familias. Dado que el aforo ser\u00e1 limitado, se pondr\u00e1 en marcha un sistema de inscripci\u00f3n al que podr\u00e1n asistir las 30 primeras personas que se apunten en el mismo.<\/p>\n\n\n","protected":false},"featured_media":0,"parent":0,"template":"","ekitaldi_etiketa":[],"ekitaldi_kategoria":[],"acf":[],"_links":{"self":[{"href":"https:\/\/oreretaikastola.eus\/es\/wp-json\/wp\/v2\/ekitaldia\/19656"}],"collection":[{"href":"https:\/\/oreretaikastola.eus\/es\/wp-json\/wp\/v2\/ekitaldia"}],"about":[{"href":"https:\/\/oreretaikastola.eus\/es\/wp-json\/wp\/v2\/types\/ekitaldia"}],"wp:attachment":[{"href":"https:\/\/oreretaikastola.eus\/es\/wp-json\/wp\/v2\/media?parent=19656"}],"wp:term":[{"taxonomy":"ekitaldi_etiketa","embeddable":true,"href":"https:\/\/oreretaikastola.eus\/es\/wp-json\/wp\/v2\/ekitaldi_etiketa?post=19656"},{"taxonomy":"ekitaldi_kategoria","embeddable":true,"href":"https:\/\/oreretaikastola.eus\/es\/wp-json\/wp\/v2\/ekitaldi_kategoria?post=19656"}],"curies":[{"name":"wp","href":"https:\/\/api.w.org\/{rel}","templated":true}]}}

<p>Con el objetivo de profundizar el proyecto Errigora en la Federación de Ikastolas, este año se ha organizado la iniciativa “Ikastolatik ikastolara”, dirigida a la comunidad de Ikastolas de Oarsoaldea, especialmente a los trabajadores y familias de la Ikastola Orereta. En ella, se hablará de Ikastola Ikastola. Aunque se ha organizado a nivel de Ikastola, también acudirán varios agentes de la localidad.</p>



<p>La convocatoria será el <strong>2 de noviembre, de 17:00 a 19:00 en Orereta (</strong>todavíaestá por concretar la sala). En cuanto se sepa se os comunicará. El objetivo principal de la iniciativa será dar a conocer la influencia de Errigora en las ikastolas de la Ribera; los miembros de las ikastolas de la Ribera vendrán a contarlo en primera persona. Además, se proyectará el documental de Agerraldia.</p>



<p>En esta iniciativa participarán todos y todas las trabajadoras de la Ikastola Orereta, y queremos invitar también a las familias. Dado que el aforo será limitado, se pondrá en marcha un sistema de inscripción al que podrán asistir las 30 primeras personas que se apunten en el mismo.</p>
