{"id":14013,"date":"2021-04-23T08:40:05","date_gmt":"2021-04-23T07:40:05","guid":{"rendered":"https:\/\/oreretaikastola.eus\/ekitaldiak\/ikastolako-udalekuak-izen-ematea\/"},"modified":"2021-04-23T15:53:20","modified_gmt":"2021-04-23T14:53:20","slug":"colonias-de-la-ikastola-inscripcion","status":"publish","type":"ekitaldia","link":"https:\/\/oreretaikastola.eus\/es\/ekitaldiak\/colonias-de-la-ikastola-inscripcion\/","title":{"rendered":"Colonias de la Ikastola: inscripci\u00f3n"},"content":{"rendered":"\n<p>Un verano m\u00e1s, en <strong>Orereta Ikastola<\/strong> organizaremos <strong>colonias<\/strong> dirigidas a ni\u00f1as y ni\u00f1os y j\u00f3venes de entre 2 y 12 a\u00f1os. Cumpliremos todas las medidas sanitarias y de seguridad para evitar la transmisi\u00f3n y el contagio por COVID-19.<\/p>\n\n\n\n<p>Las <strong>colonias<\/strong> se celebrar\u00e1n entre el 28 de junio y el 16 de julio; por la ma\u00f1ana, de 8:00 a 13:00 horas. Las y los ni\u00f1os de dos a\u00f1os estar\u00e1n en el edificio de Esmalteria y el resto, en A\u00f1abitarte.<\/p>\n\n\n\n<p>Es una oferta dirigida a todas las familias que as\u00ed lo deseen (no s\u00f3lo a las de la <strong>Ikastola<\/strong>) y el plazo de inscripci\u00f3n est\u00e1 abierto hasta el pr\u00f3ximo 17 de mayo. <a href=\"https:\/\/oreretaikastola.eus\/es\/udalekuak-2021\/\">M\u00e1s informaci\u00f3n e inscripciones aqu\u00ed<\/a><\/p>\n\n\n\n<p><\/p>\n\n\n\n<p>2 urtetik hasi eta 12 urte arteko gaztetxoei zuzendutako <strong>udalekuak<\/strong> eskainiko ditugu aurten ere <strong>Orereta Ikastolan<\/strong>, COVID-19aren zabaltzea eta kutsatzea ekiditeko segurtasun eta osasun neurri guztiak betez.<\/p>\n\n\n\n<p>Ekainaren 28tik uztailaren 16ra arteko iraupena izango dute <strong>udalekuek<\/strong>; goizez, 08:00etatik 13:00etara. Bi urteko haurrak<strong> Ikastolak<\/strong> Esmalterian duen egoitzan egongo dira eta gainontzekoak, berriz, A\u00f1abitarten.<\/p>\n\n\n\n<p>Hala nahi duten familia guztiei (ez <strong>Ikastolakoei<\/strong> bakarrik) zuzendutako eskaintza da eta izena emateko epea irekita dago datorren maiatzaren 17ra arte. <a href=\"https:\/\/oreretaikastola.eus\/udalekuak-2021\/\">Hemen infomazio gehiago eta izena emateko aukera<\/a><\/p>\n","protected":false},"featured_media":14012,"parent":0,"template":"","ekitaldi_etiketa":[290],"ekitaldi_kategoria":[153],"acf":[],"_links":{"self":[{"href":"https:\/\/oreretaikastola.eus\/es\/wp-json\/wp\/v2\/ekitaldia\/14013"}],"collection":[{"href":"https:\/\/oreretaikastola.eus\/es\/wp-json\/wp\/v2\/ekitaldia"}],"about":[{"href":"https:\/\/oreretaikastola.eus\/es\/wp-json\/wp\/v2\/types\/ekitaldia"}],"wp:featuredmedia":[{"embeddable":true,"href":"https:\/\/oreretaikastola.eus\/es\/wp-json\/wp\/v2\/media\/14012"}],"wp:attachment":[{"href":"https:\/\/oreretaikastola.eus\/es\/wp-json\/wp\/v2\/media?parent=14013"}],"wp:term":[{"taxonomy":"ekitaldi_etiketa","embeddable":true,"href":"https:\/\/oreretaikastola.eus\/es\/wp-json\/wp\/v2\/ekitaldi_etiketa?post=14013"},{"taxonomy":"ekitaldi_kategoria","embeddable":true,"href":"https:\/\/oreretaikastola.eus\/es\/wp-json\/wp\/v2\/ekitaldi_kategoria?post=14013"}],"curies":[{"name":"wp","href":"https:\/\/api.w.org\/{rel}","templated":true}]}}

Colonias de la Ikastola: inscripción

<p>Un verano más, en <strong>Orereta Ikastola</strong> organizaremos <strong>colonias</strong> dirigidas a niñas y niños y jóvenes de entre 2 y 12 años. Cumpliremos todas las medidas sanitarias y de seguridad para evitar la transmisión y el contagio por COVID-19.</p>



<p>Las <strong>colonias</strong> se celebrarán entre el 28 de junio y el 16 de julio; por la mañana, de 8:00 a 13:00 horas. Las y los niños de dos años estarán en el edificio de Esmalteria y el resto, en Añabitarte.</p>



<p>Es una oferta dirigida a todas las familias que así lo deseen (no sólo a las de la <strong>Ikastola</strong>) y el plazo de inscripción está abierto hasta el próximo 17 de mayo. <a href="https://oreretaikastola.eus/es/udalekuak-2021/">Más información e inscripciones aquí</a></p>



<p></p>



<p>2 urtetik hasi eta 12 urte arteko gaztetxoei zuzendutako <strong>udalekuak</strong> eskainiko ditugu aurten ere <strong>Orereta Ikastolan</strong>, COVID-19aren zabaltzea eta kutsatzea ekiditeko segurtasun eta osasun neurri guztiak betez.</p>



<p>Ekainaren 28tik uztailaren 16ra arteko iraupena izango dute <strong>udalekuek</strong>; goizez, 08:00etatik 13:00etara. Bi urteko haurrak<strong> Ikastolak</strong> Esmalterian duen egoitzan egongo dira eta gainontzekoak, berriz, Añabitarten.</p>



<p>Hala nahi duten familia guztiei (ez <strong>Ikastolakoei</strong> bakarrik) zuzendutako eskaintza da eta izena emateko epea irekita dago datorren maiatzaren 17ra arte. <a href="https://oreretaikastola.eus/udalekuak-2021/">Hemen infomazio gehiago eta izena emateko aukera</a></p>
