{"id":13977,"date":"2021-04-21T15:57:03","date_gmt":"2021-04-21T14:57:03","guid":{"rendered":"https:\/\/oreretaikastola.eus\/?post_type=ekitaldia&#038;p=13977"},"modified":"2021-04-28T13:40:06","modified_gmt":"2021-04-28T12:40:06","slug":"sesion-que-tipo-de-personas-queremos-formar-familias","status":"publish","type":"ekitaldia","link":"https:\/\/oreretaikastola.eus\/es\/ekitaldiak\/sesion-que-tipo-de-personas-queremos-formar-familias\/","title":{"rendered":"Sesi\u00f3n \u00ab\u00bfQu\u00e9 tipo de personas queremos formar?\u00bb (familias)"},"content":{"rendered":"\n<p>Si la educaci\u00f3n es un instrumento imprescindible para construir la sociedad actual y del futuro, la educaci\u00f3n debe adaptarse a las necesidades de la sociedad actual y del futuro. Y la sociedad est\u00e1 formada por personas.<\/p>\n\n\n\n<p>Bajo esa premisa, con el profesorado y dem\u00e1s trabajadores de la <strong>Ikastola<\/strong> estamos reflexionando y estableciendo los criterios para definir el modelo de persona de nuestro alumnado cuando este \u00faltimo finaliza su etapa de la <strong>Ikastola<\/strong>. Ese modelo debe ser la gu\u00eda de nuestro trabajo.<\/p>\n\n\n\n<p>En efecto, cuando hablamos del modelo de persona de nuestro alumnado hablamos de qu\u00e9 tipo de personas queremos formar en <strong>Orereta Ikastola<\/strong>; de qu\u00e9 caracter\u00edsticas deber\u00edan tener o cumplir nuestros alumnos y alumnas al finalizar la etapa de la <strong>Ikastola<\/strong>. Y si queremos educar a \u201cese tipo\u201d de alumando, \u00bfc\u00f3mo deber\u00edan ser nuestro modelo pedag\u00f3gico y metodol\u00f3gico?<\/p>\n\n\n\n<p>Como las familias tambi\u00e9n son miembros y agentes de la comunidad educativa, celebraremos una sesi\u00f3n con las familias sobre este tema el pr\u00f3ximo 3 de mayo, a las 18:00 horas, en el patio del edificio de Lino. Ser\u00e1 una sesi\u00f3n participativa y din\u00e1mica.<\/p>\n\n\n\n<p>Por motivo del COVID-19, es obligatorio inscribirse previamente. Lo pod\u00e9is hacer abajo. El \u00faltimo d\u00eda para ello ser\u00e1 el 28 de abril.<\/p>\n\n\n\n<div style=\"height:50px\" aria-hidden=\"true\" class=\"wp-block-spacer\"><\/div>\n\n\n\n<hr class=\"wp-block-separator is-style-default\"\/>\n\n\n","protected":false},"featured_media":934,"parent":0,"template":"","ekitaldi_etiketa":[271],"ekitaldi_kategoria":[153],"acf":[],"_links":{"self":[{"href":"https:\/\/oreretaikastola.eus\/es\/wp-json\/wp\/v2\/ekitaldia\/13977"}],"collection":[{"href":"https:\/\/oreretaikastola.eus\/es\/wp-json\/wp\/v2\/ekitaldia"}],"about":[{"href":"https:\/\/oreretaikastola.eus\/es\/wp-json\/wp\/v2\/types\/ekitaldia"}],"wp:featuredmedia":[{"embeddable":true,"href":"https:\/\/oreretaikastola.eus\/es\/wp-json\/wp\/v2\/media\/934"}],"wp:attachment":[{"href":"https:\/\/oreretaikastola.eus\/es\/wp-json\/wp\/v2\/media?parent=13977"}],"wp:term":[{"taxonomy":"ekitaldi_etiketa","embeddable":true,"href":"https:\/\/oreretaikastola.eus\/es\/wp-json\/wp\/v2\/ekitaldi_etiketa?post=13977"},{"taxonomy":"ekitaldi_kategoria","embeddable":true,"href":"https:\/\/oreretaikastola.eus\/es\/wp-json\/wp\/v2\/ekitaldi_kategoria?post=13977"}],"curies":[{"name":"wp","href":"https:\/\/api.w.org\/{rel}","templated":true}]}}

Sesión «¿Qué tipo de personas queremos formar?» (familias)

<p>Si la educación es un instrumento imprescindible para construir la sociedad actual y del futuro, la educación debe adaptarse a las necesidades de la sociedad actual y del futuro. Y la sociedad está formada por personas.</p>



<p>Bajo esa premisa, con el profesorado y demás trabajadores de la <strong>Ikastola</strong> estamos reflexionando y estableciendo los criterios para definir el modelo de persona de nuestro alumnado cuando este último finaliza su etapa de la <strong>Ikastola</strong>. Ese modelo debe ser la guía de nuestro trabajo.</p>



<p>En efecto, cuando hablamos del modelo de persona de nuestro alumnado hablamos de qué tipo de personas queremos formar en <strong>Orereta Ikastola</strong>; de qué características deberían tener o cumplir nuestros alumnos y alumnas al finalizar la etapa de la <strong>Ikastola</strong>. Y si queremos educar a “ese tipo” de alumando, ¿cómo deberían ser nuestro modelo pedagógico y metodológico?</p>



<p>Como las familias también son miembros y agentes de la comunidad educativa, celebraremos una sesión con las familias sobre este tema el próximo 3 de mayo, a las 18:00 horas, en el patio del edificio de Lino. Será una sesión participativa y dinámica.</p>



<p>Por motivo del COVID-19, es obligatorio inscribirse previamente. Lo podéis hacer abajo. El último día para ello será el 28 de abril.</p>



<div style="height:50px" aria-hidden="true" class="wp-block-spacer"></div>



<hr class="wp-block-separator is-style-default"/>
