{"id":11598,"date":"2021-03-18T14:59:37","date_gmt":"2021-03-18T13:59:37","guid":{"rendered":"https:\/\/oreretaikastola.eus\/ekitaldiak\/teknologia-berrien-erabilera-arduratsurako-programa-familiak\/"},"modified":"2021-04-21T14:35:38","modified_gmt":"2021-04-21T13:35:38","slug":"programa-para-el-uso-responsable-de-las-nuevas-tecnologias-familias","status":"publish","type":"ekitaldia","link":"https:\/\/oreretaikastola.eus\/es\/ekitaldiak\/programa-para-el-uso-responsable-de-las-nuevas-tecnologias-familias\/","title":{"rendered":"Programa para el uso responsable de las nuevas tecnolog\u00edas (familias)"},"content":{"rendered":"\n<p>Inmersos en el uso de las nuevas tecnolog\u00edas, vamos a poner en marcha un programa de formaci\u00f3n y prevenci\u00f3n de riesgos derivados del uso de las nuevas tecnolog\u00edas con el alumnado de 1\u00ba y 2\u00ba de DBH. Unido a ello, hemos organizado una conferencia para las familias de esos alumnos y alumnas.<\/p>\n\n\n\n<p>Se celebrar\u00e1 el 25 de marzo, a las 18:00 horas, en el patio del edificio de Lino. Por motivo del COVID-19, es obligatorio inscribirse previamente. El \u00faltimo d\u00eda para ello ser\u00e1 el 23 de marzo, martes. Encontrar\u00e9is el formulario de inscripci\u00f3n m\u00e1s abajo.<\/p>\n\n\n\n<p>En la reuni\u00f3n se tratar\u00e1n los siguientes temas:<\/p>\n\n\n\n<ul><li>Riesgos principales en el uso de las nuevas tecnolog\u00edas (<em>sexting, ziberbullying, uso excesivo, contenido inapropiado, groming&#8230;)<\/em><\/li><li>Directrices para gestionar las situaciones graves y el uso responsable<\/li><li>Preparaci\u00f3n de la llegada del primer m\u00f3vil <ul><li>El precontrato como recurso educativo <\/li><li>\u00bfTel\u00e9fono m\u00f3vil de regalo? <\/li><\/ul><\/li><li>Respeto y convivencia en la red <\/li><li>Medidas de seguridad b\u00e1sicas<\/li><li>Implicaci\u00f3n y supervisi\u00f3n de las familias <ul><li>Beneficios de compartir juegos y navegaci\u00f3n<\/li><li>L\u00edmites y orientaci\u00f3n efectiva<\/li><\/ul><\/li><\/ul>\n\n\n\n<div style=\"height:50px\" aria-hidden=\"true\" class=\"wp-block-spacer\"><\/div>\n\n\n\n<hr class=\"wp-block-separator is-style-default\"\/>\n\n\n\n<h2 class=\"wp-block-heading\"><strong>Inscripci\u00f3n<\/strong><\/h2>\n\n\n","protected":false},"featured_media":11594,"parent":0,"template":"","ekitaldi_etiketa":[271],"ekitaldi_kategoria":[184,232],"acf":[],"_links":{"self":[{"href":"https:\/\/oreretaikastola.eus\/es\/wp-json\/wp\/v2\/ekitaldia\/11598"}],"collection":[{"href":"https:\/\/oreretaikastola.eus\/es\/wp-json\/wp\/v2\/ekitaldia"}],"about":[{"href":"https:\/\/oreretaikastola.eus\/es\/wp-json\/wp\/v2\/types\/ekitaldia"}],"wp:featuredmedia":[{"embeddable":true,"href":"https:\/\/oreretaikastola.eus\/es\/wp-json\/wp\/v2\/media\/11594"}],"wp:attachment":[{"href":"https:\/\/oreretaikastola.eus\/es\/wp-json\/wp\/v2\/media?parent=11598"}],"wp:term":[{"taxonomy":"ekitaldi_etiketa","embeddable":true,"href":"https:\/\/oreretaikastola.eus\/es\/wp-json\/wp\/v2\/ekitaldi_etiketa?post=11598"},{"taxonomy":"ekitaldi_kategoria","embeddable":true,"href":"https:\/\/oreretaikastola.eus\/es\/wp-json\/wp\/v2\/ekitaldi_kategoria?post=11598"}],"curies":[{"name":"wp","href":"https:\/\/api.w.org\/{rel}","templated":true}]}}

Programa para el uso responsable de las nuevas tecnologías (familias)

<p>Inmersos en el uso de las nuevas tecnologías, vamos a poner en marcha un programa de formación y prevención de riesgos derivados del uso de las nuevas tecnologías con el alumnado de 1º y 2º de DBH. Unido a ello, hemos organizado una conferencia para las familias de esos alumnos y alumnas.</p>



<p>Se celebrará el 25 de marzo, a las 18:00 horas, en el patio del edificio de Lino. Por motivo del COVID-19, es obligatorio inscribirse previamente. El último día para ello será el 23 de marzo, martes. Encontraréis el formulario de inscripción más abajo.</p>



<p>En la reunión se tratarán los siguientes temas:</p>



<ul><li>Riesgos principales en el uso de las nuevas tecnologías (<em>sexting, ziberbullying, uso excesivo, contenido inapropiado, groming&#8230;)</em></li><li>Directrices para gestionar las situaciones graves y el uso responsable</li><li>Preparación de la llegada del primer móvil <ul><li>El precontrato como recurso educativo </li><li>¿Teléfono móvil de regalo? </li></ul></li><li>Respeto y convivencia en la red </li><li>Medidas de seguridad básicas</li><li>Implicación y supervisión de las familias <ul><li>Beneficios de compartir juegos y navegación</li><li>Límites y orientación efectiva</li></ul></li></ul>



<div style="height:50px" aria-hidden="true" class="wp-block-spacer"></div>



<hr class="wp-block-separator is-style-default"/>



<h2 class="wp-block-heading"><strong>Inscripción</strong></h2>
