{"id":11595,"date":"2021-03-18T14:40:21","date_gmt":"2021-03-18T13:40:21","guid":{"rendered":"https:\/\/oreretaikastola.eus\/ekitaldiak\/teknologia-berrien-erabilera-arduratsurako-programa-ikasleak\/"},"modified":"2021-03-18T15:07:22","modified_gmt":"2021-03-18T14:07:22","slug":"programa-para-el-uso-responsable-de-las-nuevas-tecnologias-alumnado","status":"publish","type":"ekitaldia","link":"https:\/\/oreretaikastola.eus\/es\/ekitaldiak\/programa-para-el-uso-responsable-de-las-nuevas-tecnologias-alumnado\/","title":{"rendered":"Programa para el uso responsable de las nuevas tecnolog\u00edas (alumnado)"},"content":{"rendered":"\n<p>Inmersos en el uso de las nuevas tecnolog\u00edas, entre el 22 y el 26 de marzo vamos a poner en marcha un programa de formaci\u00f3n y prevenci\u00f3n de riesgos derivados del uso de las nuevas tecnolog\u00edas con el alumnado de 1\u00ba y 2\u00ba de DBH.<\/p>\n","protected":false},"featured_media":11594,"parent":0,"template":"","ekitaldi_etiketa":[271],"ekitaldi_kategoria":[184],"acf":[],"_links":{"self":[{"href":"https:\/\/oreretaikastola.eus\/es\/wp-json\/wp\/v2\/ekitaldia\/11595"}],"collection":[{"href":"https:\/\/oreretaikastola.eus\/es\/wp-json\/wp\/v2\/ekitaldia"}],"about":[{"href":"https:\/\/oreretaikastola.eus\/es\/wp-json\/wp\/v2\/types\/ekitaldia"}],"wp:featuredmedia":[{"embeddable":true,"href":"https:\/\/oreretaikastola.eus\/es\/wp-json\/wp\/v2\/media\/11594"}],"wp:attachment":[{"href":"https:\/\/oreretaikastola.eus\/es\/wp-json\/wp\/v2\/media?parent=11595"}],"wp:term":[{"taxonomy":"ekitaldi_etiketa","embeddable":true,"href":"https:\/\/oreretaikastola.eus\/es\/wp-json\/wp\/v2\/ekitaldi_etiketa?post=11595"},{"taxonomy":"ekitaldi_kategoria","embeddable":true,"href":"https:\/\/oreretaikastola.eus\/es\/wp-json\/wp\/v2\/ekitaldi_kategoria?post=11595"}],"curies":[{"name":"wp","href":"https:\/\/api.w.org\/{rel}","templated":true}]}}

Programa para el uso responsable de las nuevas tecnologías (alumnado)

<p>Inmersos en el uso de las nuevas tecnologías, entre el 22 y el 26 de marzo vamos a poner en marcha un programa de formación y prevención de riesgos derivados del uso de las nuevas tecnologías con el alumnado de 1º y 2º de DBH.</p>
