{"id":10974,"date":"2021-03-05T09:34:22","date_gmt":"2021-03-05T08:34:22","guid":{"rendered":"https:\/\/oreretaikastola.eus\/ekitaldiak\/fibrosi-kistikoaren-gaineko-hitzaldia\/"},"modified":"2021-03-05T10:15:58","modified_gmt":"2021-03-05T09:15:58","slug":"charla-sobre-la-fibrosis-quistica","status":"publish","type":"ekitaldia","link":"https:\/\/oreretaikastola.eus\/es\/ekitaldiak\/charla-sobre-la-fibrosis-quistica\/","title":{"rendered":"Charla sobre la fibrosis qu\u00edstica"},"content":{"rendered":"\n<p>La fibrosis qu\u00edstica es una enfermedad hereditaria que puede da\u00f1ar todo el cuerpo, causando incapacidad progresiva y muerte prematura.<\/p>\n\n\n\n<p>El 5 de marzo las y los alumnos de 5\u00ba de LH recibir\u00e1n informaci\u00f3n sobre la enfermedad. Las ponentes ser\u00e1n la ex alumna Ioar Bengoetxea y Leire Mitxelena (su madre), de la asociaci\u00f3n Arnasa.<\/p>\n\n\n\n<p>La asociaci\u00f3n Arnasa fue fundada en 1989 por personas con Fibrosis Qu\u00edstica (FQ) de Gipuzkoa y sus familiares. El objetivo principal es mejorar la calidad de vida de las personas con FQ y su entorno, tratando de satisfacer sus necesidades b\u00e1sicas sanitarias, sociales y psicol\u00f3gicas. La Asociaci\u00f3n Arnasa es miembro del <a rel=\"noreferrer noopener\" href=\"https:\/\/bizipoza.eus\/nor-gara\/\" target=\"_blank\">proyecto Bizipoza<\/a>; proyecto apoyado, entre otros, por la Federaci\u00f3n de Ikastolas.<\/p>\n","protected":false},"featured_media":10973,"parent":0,"template":"","ekitaldi_etiketa":[262,263,261,214],"ekitaldi_kategoria":[154],"acf":[],"_links":{"self":[{"href":"https:\/\/oreretaikastola.eus\/es\/wp-json\/wp\/v2\/ekitaldia\/10974"}],"collection":[{"href":"https:\/\/oreretaikastola.eus\/es\/wp-json\/wp\/v2\/ekitaldia"}],"about":[{"href":"https:\/\/oreretaikastola.eus\/es\/wp-json\/wp\/v2\/types\/ekitaldia"}],"wp:featuredmedia":[{"embeddable":true,"href":"https:\/\/oreretaikastola.eus\/es\/wp-json\/wp\/v2\/media\/10973"}],"wp:attachment":[{"href":"https:\/\/oreretaikastola.eus\/es\/wp-json\/wp\/v2\/media?parent=10974"}],"wp:term":[{"taxonomy":"ekitaldi_etiketa","embeddable":true,"href":"https:\/\/oreretaikastola.eus\/es\/wp-json\/wp\/v2\/ekitaldi_etiketa?post=10974"},{"taxonomy":"ekitaldi_kategoria","embeddable":true,"href":"https:\/\/oreretaikastola.eus\/es\/wp-json\/wp\/v2\/ekitaldi_kategoria?post=10974"}],"curies":[{"name":"wp","href":"https:\/\/api.w.org\/{rel}","templated":true}]}}

Charla sobre la fibrosis quística

<p>La fibrosis quística es una enfermedad hereditaria que puede dañar todo el cuerpo, causando incapacidad progresiva y muerte prematura.</p>



<p>El 5 de marzo las y los alumnos de 5º de LH recibirán información sobre la enfermedad. Las ponentes serán la ex alumna Ioar Bengoetxea y Leire Mitxelena (su madre), de la asociación Arnasa.</p>



<p>La asociación Arnasa fue fundada en 1989 por personas con Fibrosis Quística (FQ) de Gipuzkoa y sus familiares. El objetivo principal es mejorar la calidad de vida de las personas con FQ y su entorno, tratando de satisfacer sus necesidades básicas sanitarias, sociales y psicológicas. La Asociación Arnasa es miembro del <a rel="noreferrer noopener" href="https://bizipoza.eus/nor-gara/" target="_blank">proyecto Bizipoza</a>; proyecto apoyado, entre otros, por la Federación de Ikastolas.</p>
