{"id":10958,"date":"2021-03-05T07:51:15","date_gmt":"2021-03-05T06:51:15","guid":{"rendered":"https:\/\/oreretaikastola.eus\/?post_type=ekitaldia&#038;p=10958"},"modified":"2021-03-05T07:53:03","modified_gmt":"2021-03-05T06:53:03","slug":"8-de-marzo-dia-internacional-de-la-mujer","status":"publish","type":"ekitaldia","link":"https:\/\/oreretaikastola.eus\/es\/ekitaldiak\/8-de-marzo-dia-internacional-de-la-mujer\/","title":{"rendered":"8 de marzo: D\u00eda Internacional de la Mujer"},"content":{"rendered":"\n<p>En la <strong>Ikastola<\/strong> celebraremos la efem\u00e9ride porque queremos unirnos a lo que significa el d\u00eda y ofrecerle su espacio. Las principales iniciativas de la <strong>Ikastola<\/strong> ser\u00e1n:<\/p>\n\n\n\n<p><strong>MoreretaON, una carrera continua de 8 horas.<\/strong> Alumnado y profesorado de <strong>Orereta y Oiartzo<\/strong> realizar\u00e1n 8 horas de carrera ininterrumpida en la pista que rodea el campo de f\u00fatbol de A\u00f1abitarte bajo el lema \u201cAusartak ez, askeak baizik\u201d. La iniciativa, que tendr\u00e1 lugar entre las 08:15 y las 16:15 horas, contar\u00e1 con la participaci\u00f3n de alumnos y alumnas de entre LH1 y 2\u00ba de Bachillerato. Las y los menores de HH trabajar\u00e1n la iniciativa en el aula y en su entorno m\u00e1s cercano. Tambi\u00e9n se ha invitado a los agentes deportivos locales con mujeres deportistas y a representantes municipales a participar en MoreretON.<\/p>\n\n\n\n<p><strong>Exposici\u00f3n \u201cAhots morea, haiena eta geurea\u201d.<\/strong> Con el objetivo de reconocer la labor de las mujeres pioneras de Euskal Herria, el alumnado de LH crear\u00e1 la exposici\u00f3n \u201cAhots morea, haiena eta geurea\u201d a trav\u00e9s de murales. La exposici\u00f3n se podr\u00e1 visitar durante varias semanas en el campo rojo de <strong>A\u00f1abitarte<\/strong>.<\/p>\n\n\n\n<p><strong>Trabajo en el aula.<\/strong> Propuestas y trabajos adaptados a la edad de las y los ni\u00f1os y adolescentes, a lo largo del d\u00eda (manualidades, canciones, cuentos, acontecimientos hist\u00f3ricos\u2026).<\/p>\n","protected":false},"featured_media":10960,"parent":0,"template":"","ekitaldi_etiketa":[254,253],"ekitaldi_kategoria":[153],"acf":[],"_links":{"self":[{"href":"https:\/\/oreretaikastola.eus\/es\/wp-json\/wp\/v2\/ekitaldia\/10958"}],"collection":[{"href":"https:\/\/oreretaikastola.eus\/es\/wp-json\/wp\/v2\/ekitaldia"}],"about":[{"href":"https:\/\/oreretaikastola.eus\/es\/wp-json\/wp\/v2\/types\/ekitaldia"}],"wp:featuredmedia":[{"embeddable":true,"href":"https:\/\/oreretaikastola.eus\/es\/wp-json\/wp\/v2\/media\/10960"}],"wp:attachment":[{"href":"https:\/\/oreretaikastola.eus\/es\/wp-json\/wp\/v2\/media?parent=10958"}],"wp:term":[{"taxonomy":"ekitaldi_etiketa","embeddable":true,"href":"https:\/\/oreretaikastola.eus\/es\/wp-json\/wp\/v2\/ekitaldi_etiketa?post=10958"},{"taxonomy":"ekitaldi_kategoria","embeddable":true,"href":"https:\/\/oreretaikastola.eus\/es\/wp-json\/wp\/v2\/ekitaldi_kategoria?post=10958"}],"curies":[{"name":"wp","href":"https:\/\/api.w.org\/{rel}","templated":true}]}}

8 de marzo: Día Internacional de la Mujer

<p>En la <strong>Ikastola</strong> celebraremos la efeméride porque queremos unirnos a lo que significa el día y ofrecerle su espacio. Las principales iniciativas de la <strong>Ikastola</strong> serán:</p>



<p><strong>MoreretaON, una carrera continua de 8 horas.</strong> Alumnado y profesorado de <strong>Orereta y Oiartzo</strong> realizarán 8 horas de carrera ininterrumpida en la pista que rodea el campo de fútbol de Añabitarte bajo el lema “Ausartak ez, askeak baizik”. La iniciativa, que tendrá lugar entre las 08:15 y las 16:15 horas, contará con la participación de alumnos y alumnas de entre LH1 y 2º de Bachillerato. Las y los menores de HH trabajarán la iniciativa en el aula y en su entorno más cercano. También se ha invitado a los agentes deportivos locales con mujeres deportistas y a representantes municipales a participar en MoreretON.</p>



<p><strong>Exposición “Ahots morea, haiena eta geurea”.</strong> Con el objetivo de reconocer la labor de las mujeres pioneras de Euskal Herria, el alumnado de LH creará la exposición “Ahots morea, haiena eta geurea” a través de murales. La exposición se podrá visitar durante varias semanas en el campo rojo de <strong>Añabitarte</strong>.</p>



<p><strong>Trabajo en el aula.</strong> Propuestas y trabajos adaptados a la edad de las y los niños y adolescentes, a lo largo del día (manualidades, canciones, cuentos, acontecimientos históricos…).</p>
