{"id":10213,"date":"2021-02-21T15:21:48","date_gmt":"2021-02-21T14:21:48","guid":{"rendered":"https:\/\/oreretaikastola.eus\/ekitaldiak\/inude-eta-artzaiak-2021\/"},"modified":"2021-02-21T15:27:05","modified_gmt":"2021-02-21T14:27:05","slug":"inude-eta-artzaiak-2021","status":"publish","type":"ekitaldia","link":"https:\/\/oreretaikastola.eus\/es\/ekitaldiak\/inude-eta-artzaiak-2021\/","title":{"rendered":"I\u00f1ude eta Artzaiak 2021"},"content":{"rendered":"\n<p>Si no hubiera llegado la pandemia, las cosas bien, el pr\u00f3ximo domingo, 21 de febrero, el desfile de la comparsa de I\u00f1ude eta Artzaiak de la Ikastola hubiese salido a la calle por 24 a\u00f1o consecutivo para alegrar el pueblo de m\u00fasica, color y danza. Desgraciadamente, por el cese de todo este tipo de espect\u00e1culos por causa del COVID-19, este a\u00f1o no podremos disfrutar del desfile de forma tradicional.<\/p>\n\n\n\n<p>Sin embargo,\u00a0<strong>no hemos querido dejar pasar la cita sin m\u00e1s. Hemos hecho\u00a0este breve v\u00eddeo que esperamos os guste para recordar la cita de este a\u00f1o y tomar fuerzas para el siguiente. Este a\u00f1o har\u00e1 m\u00e1s especial el que viene, el 25 aniversario.<\/strong><\/p>\n\n\n\n<p>Aprovechamos la ocasi\u00f3n para agradecer un a\u00f1o m\u00e1s a todos los socios y socias, familias, alumnos y trabajadores de la Ikastola y dem\u00e1s ciudadanos que de una u otra manera han hecho posible el desfile de la comparsa de I\u00f1ude eta Artzaiak hasta ahora; a ti tambi\u00e9n, si est\u00e1s entre ellos. Queremos que la fiesta sea del y para el pueblo, y para ello necesitamos vuestro apoyo, ayuda y participaci\u00f3n.<\/p>\n\n\n\n<figure class=\"wp-block-embed-youtube wp-block-embed is-type-video is-provider-youtube wp-embed-aspect-16-9 wp-has-aspect-ratio\"><div class=\"wp-block-embed__wrapper\">\n<div class=\"youtube-embed responsive-embed widescreen\"><iframe loading=\"lazy\" title=\"I\u00f1ude eta Artzaiak 2021\" width=\"500\" height=\"281\" src=\"https:\/\/www.youtube.com\/embed\/wfXPD5Wmuto?start=9&#038;feature=oembed\" frameborder=\"0\" allow=\"accelerometer; autoplay; clipboard-write; encrypted-media; gyroscope; picture-in-picture\" allowfullscreen><\/iframe><\/div>\n<\/div><\/figure>\n","protected":false},"featured_media":10211,"parent":0,"template":"","ekitaldi_etiketa":[],"ekitaldi_kategoria":[153],"acf":[],"_links":{"self":[{"href":"https:\/\/oreretaikastola.eus\/es\/wp-json\/wp\/v2\/ekitaldia\/10213"}],"collection":[{"href":"https:\/\/oreretaikastola.eus\/es\/wp-json\/wp\/v2\/ekitaldia"}],"about":[{"href":"https:\/\/oreretaikastola.eus\/es\/wp-json\/wp\/v2\/types\/ekitaldia"}],"wp:featuredmedia":[{"embeddable":true,"href":"https:\/\/oreretaikastola.eus\/es\/wp-json\/wp\/v2\/media\/10211"}],"wp:attachment":[{"href":"https:\/\/oreretaikastola.eus\/es\/wp-json\/wp\/v2\/media?parent=10213"}],"wp:term":[{"taxonomy":"ekitaldi_etiketa","embeddable":true,"href":"https:\/\/oreretaikastola.eus\/es\/wp-json\/wp\/v2\/ekitaldi_etiketa?post=10213"},{"taxonomy":"ekitaldi_kategoria","embeddable":true,"href":"https:\/\/oreretaikastola.eus\/es\/wp-json\/wp\/v2\/ekitaldi_kategoria?post=10213"}],"curies":[{"name":"wp","href":"https:\/\/api.w.org\/{rel}","templated":true}]}}

Iñude eta Artzaiak 2021

<p>Si no hubiera llegado la pandemia, las cosas bien, el próximo domingo, 21 de febrero, el desfile de la comparsa de Iñude eta Artzaiak de la Ikastola hubiese salido a la calle por 24 año consecutivo para alegrar el pueblo de música, color y danza. Desgraciadamente, por el cese de todo este tipo de espectáculos por causa del COVID-19, este año no podremos disfrutar del desfile de forma tradicional.</p>



<p>Sin embargo, <strong>no hemos querido dejar pasar la cita sin más. Hemos hecho este breve vídeo que esperamos os guste para recordar la cita de este año y tomar fuerzas para el siguiente. Este año hará más especial el que viene, el 25 aniversario.</strong></p>



<p>Aprovechamos la ocasión para agradecer un año más a todos los socios y socias, familias, alumnos y trabajadores de la Ikastola y demás ciudadanos que de una u otra manera han hecho posible el desfile de la comparsa de Iñude eta Artzaiak hasta ahora; a ti también, si estás entre ellos. Queremos que la fiesta sea del y para el pueblo, y para ello necesitamos vuestro apoyo, ayuda y participación.</p>



<figure class="wp-block-embed-youtube wp-block-embed is-type-video is-provider-youtube wp-embed-aspect-16-9 wp-has-aspect-ratio"><div class="wp-block-embed__wrapper">
<div class="youtube-embed responsive-embed widescreen"><iframe loading="lazy" title="Iñude eta Artzaiak 2021" width="500" height="281" src="https://www.youtube.com/embed/wfXPD5Wmuto?start=9&#038;feature=oembed" frameborder="0" allow="accelerometer; autoplay; clipboard-write; encrypted-media; gyroscope; picture-in-picture" allowfullscreen></iframe></div>
</div></figure>
